e third derivative of -b**6/120 - b**5/20 - b**4/6 - b**3/6 - 2*b**2 + 16. Let z be (-7)/42 + 68/(-24). Calculate h(z).
11
Let x(t) = -t - 253 - 279 + 532 + 7*t**2. Suppose 5*c + 2*b = 0, 0 = c + c - 5*b - 29. Suppose -c*h - 7 = -5*f, -3*f + 5*h + 1 + 7 = 0. What is x(f)?
6
Suppose 5*o + q + 2 = 0, 4*o + 0*q + 3*q - 5 = 0. Let v(t) = -456*t + 18. Let z(f) = 127*f - 5. Let c(i) = -5*v(i) - 18*z(i). Give c(o).
6
Let t(g) be the first derivative of g**6/90 + g**5/30 + g**4/12 - 10*g**3/3 + 184. Let b(a) be the third derivative of t(a). Calculate b(-1).
2
Let b(p) = -635*p - 639*p - 24 - 633*p + 1905*p. What is b(8)?
-40
Let h(s) = -s - 1. Let i be h(-9). Let k(t) = 4*t**2 + 6*t - 40. Let x(w) = 3*w**2 + 6*w - 30. Let v(q) = 4*k(q) - 5*x(q). What is v(i)?
6
Let f(i) = i**3 - 7*i**2 + i - 6. Let k(v) = -v**2 + 6*v - 5. Let j be k(4). Let t be (-2728)/310*(-20)/16. Suppose -t = j*s - 32. Give f(s).
1
Let u = -16 - -32. Let o = u - 9. Let v(n) = 2531*n**2 - 6*n - 2532*n**2 - o + 16. Give v(-7).
2
Let c(a) = a**3 - 5*a**2 + a - 3. Let u be c(5). Let n(z) = 1229*z**2 - 1230*z**2 - 9*z + u + 5. What is n(-10)?
-3
Suppose -166 = -943*n + 860*n. Let t(z) = z**3 - 3*z**2 - 4*z + 12. What is t(n)?
0
Let w be 4 + (5 - 4)/((-2)/2). Suppose -2*f - 12 + 2 = 2*a, w*f + a = -9. Let h(v) = -5*v**2 + v + 2. Give h(f).
-20
Let p be (18/(-4))/1*(-10)/(-15). Let t(d) = 2*d + 2. Let c(y) = -3*y - 1. Let u(i) = p*c(i) - 4*t(i). Suppose 0 = -2*q - 0*q - 8, q = 2*w - 20. Give u(w).
3
Suppose c = -h + 6, 2*h - 5*h = 15. Suppose -4*x + i - c = -2*i, 6 = -5*x - 4*i. Let v(y) = 8*y**2 - 1 - 16*y**2 + 7*y**2 - y**3. Give v(x).
3
Let f be 27/(-11 - -8)*(-25)/(-15). Let n(k) = -k**3 - 14*k**2 + 17*k + 21. Determine n(f).
-9
Let s(t) = t**3 + 7*t**2 + 4*t + 6. Let f = 8 - -453. Let r = f + -467. Calculate s(r).
18
Let k(b) = -b**3 + 3*b**2 + 12*b + 7. Suppose 55*l = 52*l - 6, 2*w - 2 = -3*l. Give k(w).
39
Let m(v) = -15*v**2 - 16*v - 20 + 5 + v**3 + 9. Let u be 8*11/((-22)/(-4)). What is m(u)?
-6
Let t(k) be the third derivative of -k**7/840 - k**6/72 - k**5/40 + k**4/24 + 29*k**3/6 - 45*k**2. Let y(j) be the first derivative of t(j). What is y(-4)?
-3
Suppose 2137*z = 2131*z - 36. Let v(b) = b**2 - 18*b - 68. What is v(z)?
76
Let l(q) = 52*q - 369. Suppose -48 = -4*k - 4*u, 3*u = 2*k + 6 - 5. Calculate l(k).
-5
Let m(c) = c + 11. Let s be 680/50 + (-8)/(-20). Suppose 3*x + 2*b = -0*x - s, -20 = -4*b. What is m(x)?
3
Let c(h) = -h**2 - 7*h + 10. Let b be ((-5)/5)/(2 + (-21)/9). Let o be (-210)/(-30)*(-3)/b. What is c(o)?
10
Let f(h) = h**2 + 62*h + 525. Let u be f(-52). Let w(b) = b**2 - 3*b - 7. What is w(u)?
3
Let r(h) = 4*h**2 + h - 4. Let n be r(-4). Let s(x) = -2*x**3 + 5*x**2 - 19*x + 73. Let a be s(4). Let f = a + n. Let l(b) = 3*b. What is l(f)?
15
Suppose 7*q - 6*q = 8. Let x(h) be the second derivative of 12*h + 0 + 1/12*h**4 - 7/6*h**3 + 1/2*h**2. What is x(q)?
9
Let m = -18 + 23. Suppose m*t = -4*x + 2*x + 646, -2*t = 3*x - 265. Let b be t/(-24) + (2/3)/2. Let y(w) = w**2 + 3*w + 1. Calculate y(b).
11
Let g(p) = -6*p + 254 + 13*p**2 - 18*p**2 + 6*p**2 - 253. Determine g(4).
-7
Let k(f) = -5*f + 366. Let b(x) = -2*x + 162. Let m(a) = -9*b(a) + 4*k(a). Determine m(11).
-16
Let x be 1*-5*4/(-5). Let v = 44 + -40. Let s(i) = -v - 5 + 0*i + 7*i + 3 - i**2 - 2*i. Give s(x).
-2
Let z = -1934 - -1929. Let r(p) = -6*p**2 - 29*p + 1. Determine r(z).
-4
Let g = 12919 + -12946. Let a(d) = -d**3 - 28*d**2 - 28*d - 25. What is a(g)?
2
Let v(n) be the second derivative of n**5/20 + n**4/2 + 7*n**3/6 + n**2 + 2432*n. Determine v(-4).
6
Suppose 4*c - 55 = -c. Let h(b) = -b**3 - 31*b**2 - 33*b - 77. Let t be h(-30). Suppose 2*q = -i - t, 2*i + c = q - i. Let p(x) = 2*x - 2. What is p(q)?
-10
Let p(r) = -25*r - 204. Let z(j) = 17*j + 154. Let t(o) = 5*p(o) + 7*z(o). Calculate t(12).
-14
Let s(f) = 2*f**2 - f + 10. Let a(o) be the second derivative of 1/12*o**4 - 1/3*o**3 + 9/2*o**2 + 0 + 5*o. Let w(b) = 3*a(b) - 2*s(b). Calculate w(-6).
-5
Let c(w) be the third derivative of -w**5/60 - w**4/12 - w**3/6 + 3*w**2. Suppose -11*h = 17961 + 4369. Let q be h/700 - (-1)/(-10). What is c(q)?
-4
Suppose -5348 = -39*s - 5192. Let z(q) = 4*q**2 + q - 25 - 3*q - q**3 + 21. Calculate z(s).
-12
Let x = 56 + -60. Let u(g) = -8*g - 19. Let l(r) = -16*r - 33. Let q(t) = x*l(t) + 7*u(t). Calculate q(-1).
-9
Let p = 826 + -813. Let c be -2 + 0 + (4 - 10) + p. Let f(w) = w**3 - 5*w**2 - 2*w - 3. What is f(c)?
-13
Let s(y) = 6*y**3 + y**2 - y + 1. Suppose -6*v = -v - 25. Suppose v*i = 10*i - 15. Suppose -4 = i*c - 7. Give s(c).
7
Let q(t) be the second derivative of t**4/12 - 13*t**3/6 + 9*t**2 - 146*t - 3. Suppose 4*k + 5*r = 48, 0 = -3*k + k + 2*r + 24. Determine q(k).
6
Let h = 22 - 14. Suppose -2*w - 10 = -h. Let j(x) = -12*x - 2*x - 5*x + 2*x. Determine j(w).
17
Let r(i) = 8*i**2 - 57*i - 111. Let q(b) = 7*b**2 - 50*b - 113. Let c(d) = 7*q(d) - 6*r(d). What is c(16)?
3
Suppose 0 = 4*z - 7*z + 2*z. Suppose c - 4*q = z, c - 2*q = -c + 6. Let a(h) = 4 + 3 - 8*h + h**3 - 2 - c*h**2 + 9*h. What is a(4)?
9
Let h = -13141 - -13106. Let q(u) = 2*u**2 + 68*u - 58. What is q(h)?
12
Let s = -21867 - -21884. Let i(r) = r**3 - 19*r**2 + 34*r + 11. Give i(s).
11
Let h be -4*(-15)/9 - 2/3. Let y be 3/(h/16) - 4. Suppose -4*w = -20, 2*w - y = -5*z + 11. Let l(i) = -2*i**3 + 2*i**2 - 1. What is l(z)?
-1
Let f be (7 + (-57)/8)/((-7)/224). Let d(n) be the first derivative of -1/4*n**f - 5*n - 1/3*n**3 + 36 - 1/2*n**2. Determine d(0).
-5
Let x(s) = s**2 - 7*s - 2. Suppose -53*t - 304 = -49*t. Let p = -36 - t. Let v be ((-6)/5)/((78/p)/(-13)). Give x(v).
6
Let y(s) = -s - 4. Let g be y(2). Let x = g - 0. Let n(o) be the first derivative of o**2/2 + 2*o - 41. Determine n(x).
-4
Let x(z) = 4 + 2 + 2*z + 9*z**3 - 11*z**3. Let v be x(-3). Let c = v + -60. Let y(w) = -w**2 - 6*w + 4. Give y(c).
4
Let t(b) = b**2 + b - 15. Let d(o) = o**3 - 55*o**2 - 172*o + 2. Let s be d(-3). Determine t(s).
-3
Let w(o) = -10*o**3 + 8*o**2 - 35*o. Let m(s) = 12*s**3 - 9*s**2 + 40*s - 1. Let g(z) = 6*m(z) + 7*w(z). Give g(-2).
-4
Let n(t) = 6*t**2 + 28*t - 28. Let k(j) = j**2 + j. Let b(c) = 8*k(c) - n(c). What is b(8)?
-4
Let c(z) be the third derivative of z**7/2520 + z**6/180 + 11*z**5/60 + 14*z**2. Let w(a) be the third derivative of c(a). Let k = -4 + 1. Give w(k).
-2
Let z = 38415 - 38426. Let r(t) = -11*t - 89. Give r(z).
32
Let w(i) = 7*i - 139. Let r = -5583 - -5603. What is w(r)?
1
Suppose -1456 = 228*l - 20*l. Let t(u) = u**2 + 2*u - 13. Calculate t(l).
22
Let m = 297 - 294. Let y(x) = 3*x + 3 + 0 + 14 + m. Calculate y(-6).
2
Let t be 45/(-18)*2*(-6)/(-5). Let h(g) = g - 5 + 0*g + g. What is h(t)?
-17
Let b = -40 + 42. Suppose 0 = 5*q + 5*s, -s = 4 - b. Suppose i + 13 = -2*m, 3*i = -3*m - q*m - 34. Let g(u) = -u**2 - 6*u - 3. Give g(i).
6
Suppose -2*j = k + 6, -4*k - 4 = j + 6. Let u(c) be the second derivative of -3*c**5/20 - 2*c**3/3 - 5*c**2/2 + 155*c - 1. Calculate u(j).
27
Let h(l) = -2*l + 6 - l**2 + 0*l - 2*l. Suppose -10*u + 8*u + 15 = i, 0 = 3*u + 3. Suppose 4*q - 5*w = -9, 15*q = i*q + 4*w + 24. Calculate h(q).
-6
Suppose -16*u + 1320 = -4*u. Let x = -101 + u. Let m(k) = -k**3 + 8*k**2 + 8*k + 13. Calculate m(x).
4
Let f be ((-14)/(-10) + -1)/(1338/(-40140)). Let u(q) = -q**3 - 13*q**2 - 12*q - 26. Determine u(f).
-26
Let t(j) = 4 + 2*j - j**3 - 670*j**2 + 0*j**3 + 664*j**2. Let f(h) = 10*h**2 - 2*h**3 - 9*h**2 + 4*h + h**3. Let i be f(3). Determine t(i).
-8
Let d(l) = -l**3 + 4*l**2 + 7*l - 9. Suppose 7*j + 10 = 9*j. Let h be d(j). Let r(v) = 75*v**2 + h + 3*v - 4 - 74*v**2. Give r(2).
7
Let n(g) be the second derivative of -g**4/12 - 2*g**3 + 3*g**2/2 - 2368*g. Give n(-12).
3
Let d(a) = 66474 + a**2 + 2*a + 66454 - 132909. Determine d(0).
19
Let z(h) = h**3 - 6*h**2 - 2*h - 1. Let x(p) = 4*p**2 - 36*p + 2. Let n(v) = x(v) + z(v). Calculate n(7).
-20
Suppose -2*l = 4, 4*b - 3*b - 10 = 4*l. Let a(h) = -2*h**b + 5*h - 33 - 4*h**2 + 31 - 3*h**2 + 6*h**2. Calculate a(2).
-4
Suppose 29*a = 238*a - 1881. Let l(p) = -p**2 + 10*p - 20. What is l(a)?
-11
Let c(a) = a**3 + 2*a - 1. Let u(z) be the third derivative of z**6/120 - 11*z**5/60 + 5*z**4/6 - 17*z**3/6 + 12*z**2 + z. Let i be u(9). What is c(i)?
2
Let y(u) = 4*u**2 + 7*